{"id":71,"date":"2017-01-25T16:14:22","date_gmt":"2017-01-25T15:14:22","guid":{"rendered":"https:\/\/pantasmasdeoza.wordpress.com\/?page_id=71"},"modified":"2017-11-04T16:48:10","modified_gmt":"2017-11-04T16:48:10","slug":"fontes","status":"publish","type":"page","link":"http:\/\/www.redeoza.org\/pantasmasdeoza\/fontes\/","title":{"rendered":"FONTES"},"content":{"rendered":"<p>A informaci\u00f3n incluida nesta web prov\u00e9n de\u00a0bibliograf\u00eda, documentos hist\u00f3ricos, fotograf\u00edas antigas, reportaxes xornal\u00edsticos, conversas\u00a0con historiadores\u00a0e recordos\u00a0de veci\u00f1os. Para motivar\u00a0a investigadores, educadores ou veci\u00f1os o seu interese pola historia do barrio compartimos as\u00a0<a href=\"https:\/\/docs.google.com\/document\/d\/1gANIYZkTAq9k3ByCQBb17rAUJlLKmR0ibpW7_fiGcX0\/edit?usp=sharing\" target=\"_blank\" rel=\"noopener noreferrer\">FONTES<\/a>\u00a0e os\u00a0<a href=\"https:\/\/docs.google.com\/document\/d\/1NF16xvn5W85kRXOITKptJoClMRYSvXovXPi0lj2kOEg\/edit?usp=sharing\" target=\"_blank\" rel=\"noopener noreferrer\">CONTIDOS<\/a>\u00a0sobre os que estamos traballando. Tam\u00e9n este\u00a0<a href=\"https:\/\/drive.google.com\/open?id=1Tm6-6Kj6l_KYSx3u-ekn7HrCn7k&amp;usp=sharing\" target=\"_blank\" rel=\"noopener noreferrer\">MAPA<\/a>, onde imos volcando informaci\u00f3n sobre diferentes espazos\u00a0e acontecementos que estamos\u00a0documentando. En t\u00f3dolos casos\u00a0son documentos de traballo que completamos cun procedemento colaborativo,\u00a0polo que pode haber erros de escrita.<\/p>\n<p><iframe loading=\"lazy\" src=\"https:\/\/www.google.com\/maps\/d\/embed?mid=1Tm6-6Kj6l_KYSx3u-ekn7HrCn7k\" width=\"640\" height=\"480\"><\/iframe><\/p>\n","protected":false},"excerpt":{"rendered":"<p>A informaci\u00f3n incluida nesta web prov\u00e9n de\u00a0bibliograf\u00eda, documentos hist\u00f3ricos, fotograf\u00edas antigas, reportaxes xornal\u00edsticos, conversas\u00a0con historiadores\u00a0e recordos\u00a0de veci\u00f1os. Para motivar\u00a0a investigadores, educadores ou veci\u00f1os o seu interese pola historia do barrio compartimos as\u00a0FONTES\u00a0e os\u00a0CONTIDOS\u00a0sobre&hellip;<\/p>\n","protected":false},"author":4,"featured_media":0,"parent":0,"menu_order":0,"comment_status":"closed","ping_status":"closed","template":"","meta":{"footnotes":""},"class_list":["post-71","page","type-page","status-publish","hentry"],"_links":{"self":[{"href":"http:\/\/www.redeoza.org\/pantasmasdeoza\/wp-json\/wp\/v2\/pages\/71"}],"collection":[{"href":"http:\/\/www.redeoza.org\/pantasmasdeoza\/wp-json\/wp\/v2\/pages"}],"about":[{"href":"http:\/\/www.redeoza.org\/pantasmasdeoza\/wp-json\/wp\/v2\/types\/page"}],"author":[{"embeddable":true,"href":"http:\/\/www.redeoza.org\/pantasmasdeoza\/wp-json\/wp\/v2\/users\/4"}],"replies":[{"embeddable":true,"href":"http:\/\/www.redeoza.org\/pantasmasdeoza\/wp-json\/wp\/v2\/comments?post=71"}],"version-history":[{"count":10,"href":"http:\/\/www.redeoza.org\/pantasmasdeoza\/wp-json\/wp\/v2\/pages\/71\/revisions"}],"predecessor-version":[{"id":584,"href":"http:\/\/www.redeoza.org\/pantasmasdeoza\/wp-json\/wp\/v2\/pages\/71\/revisions\/584"}],"wp:attachment":[{"href":"http:\/\/www.redeoza.org\/pantasmasdeoza\/wp-json\/wp\/v2\/media?parent=71"}],"curies":[{"name":"wp","href":"https:\/\/api.w.org\/{rel}","templated":true}]}}